(57 + -41 - 12) + -92?
-88
14 - ((-20 - (1 - 2)) + -9322 + 9402)
-47
What is the value of 2 - ((42 - 100) + 39) - (2 + -77)?
96
What is the value of -50 + -3 + (-18 - (-1 - 24))?
-46
Calculate 25 - -3 - (70 - (68 + -17)).
9
What is the value of -1 - 111 - 5 - (4 + -29)?
-92
What is 294 + -321 + 24 + 4 + (-1 - (1 - 2))?
1
What is -2 - -5 - (-1 + -3 + 16 + 14)?
-23
What is the value of 119 + -148 + (85 - 62)?
-6
Evaluate -146 + 175 + 2 + -61.
-30
(-26 - (-2 + -15) - (-7 - 2)) + -57 - -10
-47
What is the value of -6 + -4 - (-47 + 50)?
-13
What is the value of (-3 - 0 - (2 - (-9 + -21))) + (0 - 1)?
-36
Evaluate 189 + -202 + (2 - (-6 + 9 - -3)).
-17
(25 - (155 - 0)) + 80
-50
Evaluate 46 + (-42 - 34) + 4 - (20 - -1).
-47
What is 7 - ((134 - (19 + -12)) + (-31 - -21))?
-110
What is 0 + 23 + -2898 + 2865?
-10
Evaluate 1 - 1 - (3335 + -3315).
-20
Evaluate -6 + 5 - (116 - 126).
9
What is the value of 191 + -23 + -119 + (-3 - -45)?
91
What is (5 + -3 - -4) + (-31 - (-21 + 45 + -2))?
-47
Calculate -3 + -16 + (15 - (-2 + 6)).
-8
(-18 - 25) + -25 + 49
-19
Calculate (-50 - -65) + -18 + 43.
40
(-1 + 13 + -3 - 4) + 3 + -18
-10
What is the value of -461 - -458 - (-29 - -25)?
1
What is the value of (2 - -16) + -2 - (32 - (-58 - -37))?
-37
Calculate (27 + -15 - -21 - -14) + -14.
33
Evaluate 2 + -10 + 52 + 8 + (-55 - -25) + 16.
38
What is the value of ((-33 - -7) + 5 - (-3 + 2)) + -10?
-30
What is (-4 - 29) + 624 + -513?
78
What is the value of (-220 + 225 - (-10 - -1)) + (0 - -4) + 8?
26
Evaluate 57 + 17 - 58 - 67.
-51
What is 137 - 2 - (137 - 51)?
49
What is 19 + -10 + (-1 - (14 + -6)) + -34 + 25?
-9
What is the value of 62 + -105 - ((-184 - -13) + 21)?
107
What is -9 + (-20 - 6) + 46?
11
(-261 - -233) + -1 + 15 + -1
-15
What is the value of ((11 - 1) + 3 - (1037 - 1026)) + -11 + 1?
-8
What is the value of (1 - -11) + -71 + 73 + -1 + (-96 - -2)?
-81
What is 3 + 14 + -11 + (62 - 93)?
-25
What is (3 + 1 - 2) + 67 + -1 - (-711 + 701)?
78
What is the value of 108 - (233 + -84 - 99)?
58
-29 + (86 + 75 - (4 + 18))
110
What is -10 + (-2 - (-41 + (21 - -13) - (0 + -37)))?
-42
What is 13 + ((6 - 14) + 2 + -67 - 11)?
-71
What is (0 - (-1 - -4)) + (-52 - (-77 - -24))?
-2
Calculate 2 - -59 - (3548 + -3512).
25
What is the value of -17 + -62 + 31 - -18?
-30
What is the value of ((-5 - 26) + 35 - 49) + 27?
-18
69 + -37 + 12 + (5 - (-8 + 11))
46
What is -29 + (-12 + 38 - 25)?
-28
What is the value of -18 + 148 + -46 - (0 - -27)?
57
Evaluate (-12 - 2 - (10 + -17)) + -57 + -6.
-70
-80 + 1 + (15104 - 14937)
88
38 + (-2 - (-86 + 167))
-45
What is the value of -55 - (-129 + 22 - -26)?
26
What is (0 - -12) + (-20 - -19 - 4 - 68) + -17?
-78
Evaluate 2 + -21 + 10 + 0 - -2.
-7
What is (-1241 - -1272) + (1 + -3 - (-9 - -2))?
36
-23 + -4 + 3 - (7 + -16 + 13)
-28
-58 - (-13 + -50 + 28) - (-129 + -4)
110
What is the value of (1 - -5) + 14 + -15 + -9 + -2 + -17?
-23
Evaluate -27 + 8 + -3 + (-160 - -163).
-19
25 + (105 + -25 - 55)
50
What is the value of -156 - -130 - (-37 + -12)?
23
What is the value of (0 - -20) + 944 + -960 + 55?
59
Calculate -1 - 24 - (-43 - -56).
-38
Calculate -125 + 1 - (-36 + 27 + (0 - -3) - -3).
-121
Calculate 13 + 50 + 0 + 4 - -27.
94
What is the value of (0 - -3 - 1) + (131 - 82) + -45?
6
Evaluate -1 + (12 - (51 + -5)) + 6.
-29
-1 - (-1 + -36 + 1) - (3552 - 3548)
31
What is (-2 - (-10 - (21 + 10))) + (14 - 18)?
35
Evaluate 8 - 4 - (44 - (124 - 0) - -18).
66
-5 + (-22 + 17 - (11 + -13 + -9 + 5))
-4
What is -14 + 127 - (31 + 74)?
8
What is (-87 - -35) + 40 + 0 + -7 + -4?
-23
Calculate -90 - (-216 + 60 + 23).
43
1 + 11 - (21 - 18 - (151 + -112))
48
Calculate (-72 - (-9 + 6 + 2)) + (6 - (17 - 8)).
-74
(0 - 1) + (224 + -217 - (18 + -2))
-10
Calculate 19 + (-19 - (-2 + (15 - 19))).
6
What is 170 - 117 - (44 - -8)?
1
70 + -64 + 88 + -48
46
What is (-1 - -57) + 77 + -115?
18
Calculate (-1712 - -1711) + (1 - 8).
-8
Calculate 5 + -20 + 36 + -7.
14
Evaluate -27 + (-1144 - -1134 - (1 + 2 + -3)).
-37
Calculate -9 - ((18 - 6 - ((4 - 0) + -3)) + -13).
-7
71 - (27 - (47 + -47))
44
What is the value of (5 - 2 - -5) + (89 - 72)?
25
What is (-54 - -68) + -88 - -70?
-4
2 + -4 - ((208 - 201) + -13 + -1)
5
What is the value of 0 + 38 + (-471 - -395) - -66?
28
3 - (-17 + 3) - -3 - (94 - 92)
18
What is 107 - -123 - 147 - -22?
105
Calculate 69 + -9 + (30 - 68).
22
(-2 + -7 - -3) + (-9 + 11 - 5) + 47
38
8 + -27 + -28 + (12 - -12)
-23
Calculate (1 - (-16 + 4 + 11 - -7)) + 13 + -3.
5
Evaluate 69 + (8 - 128) + -1 + 7 + -2.
-47
What is -32 + -2 + -23 + 48 - 15?
-24
What is the value of 17 + (-1 - 20) + 16 - 11?
1
Calculate -3 - -1 - (-69 + -4) - (-155 - (-40 - 101)).
85
What is -639 - -594 - (-54 + 1)?
8
What is the value of -23 + 79 + (-29 - 92)?
-65
25 - 15 - (13 + (-8 + -4 - -6) + 0)
3
Evaluate (-7 - -10) + -40 - (9 - (11 - 6) - -1).
-42
Evaluate 29 + -5 + -10 + 15 - -11.
40
Evaluate 1 + -27 + (12 - (-56 - -26 - -30)).
-14
45 + (1 - -5) - 3 - (35 - 37)
50
What is the value of -5 + 56 + -46 + (-13 - 1) + 6 + 2?
-1
Calculate (2012 - 2039) + (-7 - (2 - 1)).
-35
What is the value of (14 - ((-4 - -17) + -8)) + (-33 - (0 + -18))?
-6
What is 21 + (14 + 11 - 21) - 71?
-46
19 - ((-9 - 36) + 69)
-5
What is the value of -33 - (50 - 41 - 105)?
63
What is 65 - (107 + (-64 - 52))?
74
What is -29 + 26 + -11 - (-7 - -1) - -16?
8
Calculate 7 + -13 + (-2 - 7 - (-107 + 103)).
-11
What is 44 + (16 - (-41 + 43 + -1))?
59
Calculate (-2 - 24) + 2 - (-47 - 119 - -167).
-25
Calculate 15 - (13 + 1 + (-26 - -34) + -13).
6
Calculate 2 - 48 - (243 - 322).
33
What is 76 + -49 - (16 + -25 - 82)?
118
Evaluate (-30 - (70 - 95)) + -2 + (2 - 1 - 78).
-84
Evaluate -20 + -3 + -2 + 32 + -18 + -16.
-27
(2921 - 2921) + (-10 - -1)
-9
What is 26 + -26 + 8 - (5 - (-6 + (1 - 33)))?
-35
What is -67 + (-2 - ((2 - (-10 - -24)) + 3)) + -6?
-66
Calculate 21 - (-10 + 21) - 18 - ((52 - -2) + -4).
-58
What is the value of (1 - -10) + (-33 - (-18 + -12)) + 92?
100
Calculate -2 + 25 + -29 + -65 + 81.
10
Calculate -2224 - -2317 - (18 - 22 - (1 - -5)).
103
What is 489 - 447 - (-7 - (7 + -124))?
-68
What is 1 + -48 + -673 + 718?
-2
Evaluate 83 + 5 + (15 - 102).
1
What is the value of 144 - ((63 - -16) + -6)?
71
-49 - (6 - (19 - (-13 + 36 - 28)))
-31
Evaluate 11 - (11 + (-2 - -7)) - (1 - -44).
-50
(65 - 56 - (21 + 0) - (16 - 104)) + 7
83
Calculate (9 - -26 - 37) + -14.
-16
(-101 - 38) + (-1 + -2 - -9 - (-64 + 65))
-134
(15 - 21) + 50 + (-1 - -6 - (-2 + -6))
57
What is the value of 48 + (0 + 13 + -2 + 0 - 12)?
47
Calculate (10 - 0 - (2 - 4)) + -35 + 11.
-12
Evaluate -30 - ((-146 - -95) + 88).
-67
Calculate -29 + 21 + (-30 - -17).
-21
What is the value of -146 - -3 - (-23 - (32 - 47) - (-12 + -1))?
-148
(2 + -56 - (211 + -255)) + (-104 - 2) + 3
-113
38 + (-8 - -42) - 30
42
What is (-3 - -2 - (77 + -10)) + 2 - (40 - 27)?
-79
53 - (48 + -85 + -14 - -26)
78
Evaluate 0 - 49 - (10839 + -10857).
-31
Evaluate -10 + -1 + 35 + (-26 - (-39 + 1)).
36
What is the value of 9 - (3 - 2 - (30 - (58 - -19)))?
-39
What is the value of (3 + 24 - (213 + -208)) + 0 + -99?
-77
What is (-5 - -7 - 10) + (-19 - -17) - (25 + -37)?
2
Evaluate (-4 - (-8 + (10 - (2 - -11)))) + -27 + 1.
-19
Calculate (-79 - 54) + 159 + 84.
110
27 - (0 + (30 - 2 - 16))
15
0 + -1 + 0 - (69 - -137 - 237)
30
What is the value of (-7 + -1 - -3 - -10 - 0) + -74?
-69
What is the value of 4 + -13 + 2 + (-2 + 10 - (-3 - -93))?
-89
What is 9 - (13 + 7) - ((-3 - 1) + 47)?
-54
What is the value of -2 - (-339 + 333 - (-1 + 1 - 5)) - -57?
56
What is the value of -103 - (-75 + -57 - -49)?
-20
What is (-5 + 2 - (21 - 10 - 25)) + (-1 - 15)?
-5
76 - (16 - (-59 + 23))
24
What is the value of 2 - -7 - (27 - (24 + 16) - (-74 + 0))?
-52
(-19 - (-31 + 18)) + 15 - 6
3
Calculate -9 + 10 + (12 - ((3 - 9) + 11)) - -27.
35
(-8 + 7 - (-49 - -1)) + -8 + -26 + 37
50
6 + -18 - ((-20 + 14 - -10) + 9)
-25
Calculate (-5 - (3 - (-6 + 28))) + -53.
-39
4 + 0 - (78 + -18) - ((-11 - -10) + -3)
-52
Evaluate -54 - (-145 + 55 - 11).
47
What is the value of 4 - 1 - (30743 - 30614)?
-126
Calculate -22 + (-40 - ((-49 - 8) + 29)).
-34
Evaluate 10 - -2 - 17 - -38 - (6 - (2 - 5)).
24
Calculate (15 - 26) + (2 - -14) - -148.
153
Evaluate -19 + 14 - (-24 + -7 - -4).
22
What is 54 - (-71 + 29 - -75)?
21
What is 14 - (17 - -9) - (-105 + 5)?
88
